{"id":73,"date":"2017-11-19T10:38:31","date_gmt":"2017-11-19T10:38:31","guid":{"rendered":"http:\/\/gcu.unverricht.de\/?page_id=73"},"modified":"2017-11-28T19:52:16","modified_gmt":"2017-11-28T19:52:16","slug":"pflege-aussenanlagen","status":"publish","type":"page","link":"https:\/\/gcu.unverricht.de\/?page_id=73","title":{"rendered":"Au\u00dfenanlagen und Winterdienst"},"content":{"rendered":"<p>Je nach Jahreszeit halten wir Ihr Grundst\u00fcck in Ordnung.<\/p>\n<p>Wir \u00fcbernehmen f\u00fcr Sie die Grasmahd, Kehrdienst, Heckenschnitt, Laubentfernung, Pflege von Rabatten u.\u00e4.<\/p>\n<p>Im Winter erledigen wir manuell oder mit unseren Fahrzeugen den Winterdienst f\u00fcr Sie.<\/p>\n","protected":false},"excerpt":{"rendered":"<p>Je nach Jahreszeit halten wir Ihr Grundst\u00fcck in Ordnung. Wir \u00fcbernehmen f\u00fcr Sie die Grasmahd, Kehrdienst, Heckenschnitt, Laubentfernung, Pflege von Rabatten u.\u00e4. Im Winter erledigen wir manuell oder mit unseren Fahrzeugen den Winterdienst f\u00fcr Sie.<\/p>\n","protected":false},"author":1,"featured_media":0,"parent":31,"menu_order":5,"comment_status":"closed","ping_status":"closed","template":"","meta":{"footnotes":""},"_links":{"self":[{"href":"https:\/\/gcu.unverricht.de\/index.php?rest_route=\/wp\/v2\/pages\/73"}],"collection":[{"href":"https:\/\/gcu.unverricht.de\/index.php?rest_route=\/wp\/v2\/pages"}],"about":[{"href":"https:\/\/gcu.unverricht.de\/index.php?rest_route=\/wp\/v2\/types\/page"}],"author":[{"embeddable":true,"href":"https:\/\/gcu.unverricht.de\/index.php?rest_route=\/wp\/v2\/users\/1"}],"replies":[{"embeddable":true,"href":"https:\/\/gcu.unverricht.de\/index.php?rest_route=%2Fwp%2Fv2%2Fcomments&post=73"}],"version-history":[{"count":3,"href":"https:\/\/gcu.unverricht.de\/index.php?rest_route=\/wp\/v2\/pages\/73\/revisions"}],"predecessor-version":[{"id":197,"href":"https:\/\/gcu.unverricht.de\/index.php?rest_route=\/wp\/v2\/pages\/73\/revisions\/197"}],"up":[{"embeddable":true,"href":"https:\/\/gcu.unverricht.de\/index.php?rest_route=\/wp\/v2\/pages\/31"}],"wp:attachment":[{"href":"https:\/\/gcu.unverricht.de\/index.php?rest_route=%2Fwp%2Fv2%2Fmedia&parent=73"}],"curies":[{"name":"wp","href":"https:\/\/api.w.org\/{rel}","templated":true}]}}