{"id":35,"date":"2017-11-18T17:01:03","date_gmt":"2017-11-18T17:01:03","guid":{"rendered":"http:\/\/gcu.unverricht.de\/?page_id=35"},"modified":"2017-12-06T14:56:08","modified_gmt":"2017-12-06T14:56:08","slug":"stellenangebote","status":"publish","type":"page","link":"https:\/\/gcu.unverricht.de\/?page_id=35","title":{"rendered":"Stellenangebote"},"content":{"rendered":"<p>Wir sind immer auf der Suche nach zuverl\u00e4ssigen Reinigungspersonal in Teil- und Vollzeit.<\/p>\n<ul>\n<li>Wir bieten Ihnen den Tariflohn und m\u00f6gliche Zulagen<\/li>\n<\/ul>\n<p>Ihre Bewerbung nehmen wir gerne per Post oder auch pers\u00f6nlich entgegen.<\/p>\n<p>Haben Sie Fragen? Bitte kontaktieren Sie uns per Telefon.<\/p>\n<p>&nbsp;<\/p>\n","protected":false},"excerpt":{"rendered":"<p>Wir sind immer auf der Suche nach zuverl\u00e4ssigen Reinigungspersonal in Teil- und Vollzeit. Wir bieten Ihnen den Tariflohn und m\u00f6gliche Zulagen Ihre Bewerbung nehmen wir gerne per Post oder auch pers\u00f6nlich entgegen. Haben Sie Fragen? Bitte kontaktieren Sie uns per Telefon. &nbsp;<\/p>\n","protected":false},"author":1,"featured_media":0,"parent":0,"menu_order":4,"comment_status":"closed","ping_status":"closed","template":"","meta":{"footnotes":""},"_links":{"self":[{"href":"https:\/\/gcu.unverricht.de\/index.php?rest_route=\/wp\/v2\/pages\/35"}],"collection":[{"href":"https:\/\/gcu.unverricht.de\/index.php?rest_route=\/wp\/v2\/pages"}],"about":[{"href":"https:\/\/gcu.unverricht.de\/index.php?rest_route=\/wp\/v2\/types\/page"}],"author":[{"embeddable":true,"href":"https:\/\/gcu.unverricht.de\/index.php?rest_route=\/wp\/v2\/users\/1"}],"replies":[{"embeddable":true,"href":"https:\/\/gcu.unverricht.de\/index.php?rest_route=%2Fwp%2Fv2%2Fcomments&post=35"}],"version-history":[{"count":4,"href":"https:\/\/gcu.unverricht.de\/index.php?rest_route=\/wp\/v2\/pages\/35\/revisions"}],"predecessor-version":[{"id":258,"href":"https:\/\/gcu.unverricht.de\/index.php?rest_route=\/wp\/v2\/pages\/35\/revisions\/258"}],"wp:attachment":[{"href":"https:\/\/gcu.unverricht.de\/index.php?rest_route=%2Fwp%2Fv2%2Fmedia&parent=35"}],"curies":[{"name":"wp","href":"https:\/\/api.w.org\/{rel}","templated":true}]}}